6742 (base 8) to base 16
-de2
What is 1013030 (base 4) in base 14?
1936
Convert 311131 (base 4) to base 3.
11200201
Convert 30534 (base 10) to base 9.
45786
13130 (base 8) to base 10
5720
-a17d (base 16) to base 2
-1010000101111101
Convert 258 (base 14) to base 15.
215
Convert -12 (base 3) to base 9.
-5
What is 10213 (base 4) in base 15?
14a
Convert 3a733 (base 12) to base 5.
10034120
Convert 10258 (base 11) to base 5.
434241
41313 (base 5) to base 10
2708
What is -b5b (base 12) in base 11?
-1275
-1100011010 (base 2) to base 5
-11134
-184 (base 10) to base 8
-270
122 (base 10) to base 11
101
Convert 62011 (base 7) to base 10.
15100
Convert -186 (base 12) to base 7.
-501
-33332332 (base 4) to base 9
-108724
Convert 100010101110101 (base 2) to base 7.
102561
What is 40b9 (base 14) in base 3?
120021120
Convert -1404 (base 6) to base 3.
-111111
-173 (base 14) to base 5
-2142
What is ab (base 14) in base 8?
227
Convert 20022100 (base 4) to base 14.
c276
What is 4e6 (base 15) in base 11?
925
Convert -1a69 (base 12) to base 10.
-3249
Convert 1262 (base 8) to base 16.
2b2
Convert 1731 (base 8) to base 16.
3d9
-34560 (base 8) to base 3
-202011121
What is 12000222 (base 3) in base 15?
114b
23852 (base 11) to base 2
1000010111111100
28441 (base 10) to base 15
8661
What is 1232 (base 6) in base 16?
134
What is 10011111101 (base 2) in base 10?
1277
Convert -1aa (base 15) to base 9.
-467
What is -8a94 (base 16) in base 8?
-105224
What is -2110010 (base 3) in base 7?
-5130
Convert -62ae (base 15) to base 10.
-20864
74444 (base 8) to base 5
1443022
11301 (base 7) to base 16
b4c
Convert 3244 (base 5) to base 6.
2025
What is 121100 (base 3) in base 2?
110111001
What is 862 (base 9) in base 14?
384
Convert 127 (base 8) to base 11.
7a
2713 (base 11) to base 8
6703
-20323 (base 8) to base 2
-10000011010011
-111101101011 (base 2) to base 5
-111242
What is 246 (base 15) in base 14?
28c
What is -64121 (base 7) in base 12?
-9202
What is -63cb (base 16) in base 14?
-944b
-18162 (base 9) to base 8
-30362
What is -958 (base 10) in base 2?
-1110111110
What is 20416 (base 7) in base 3?
20212121
13a68 (base 12) to base 3
1101122022
47 (base 15) to base 2
1000011
Convert -10819 (base 13) to base 15.
-8d0a
What is -1421 (base 10) in base 15?
-64b
-14412 (base 14) to base 3
-2112211222
What is -1120112012 (base 3) in base 8?
-74431
What is 12231 (base 14) in base 5?
2404324
What is 2243 (base 6) in base 9?
650
-10100100011 (base 2) to base 13
-7a2
Convert -1232323 (base 4) to base 5.
-211344
What is 30221000 (base 4) in base 11?
3599a
Convert -1111100 (base 2) to base 5.
-444
120f (base 16) to base 3
20100020
47f (base 16) to base 14
5c3
21110 (base 4) to base 8
1124
10101220 (base 3) to base 11
1956
What is -1355 (base 11) in base 8?
-3332
2024 (base 8) to base 14
548
202201 (base 3) to base 5
4214
-11171 (base 8) to base 9
-6434
3a (base 15) to base 13
43
64266 (base 10) to base 15
14096
-23312 (base 4) to base 14
-3c2
What is -7458 (base 11) in base 4?
-2122020
What is 3b (base 14) in base 3?
1222
Convert -12203311 (base 4) to base 7.
-141223
Convert -205425 (base 6) to base 12.
-9875
-12313011 (base 4) to base 9
-42483
-3745 (base 16) to base 14
-5229
What is 747 (base 14) in base 13?
865
d19 (base 14) to base 12
15a3
4d7 (base 14) to base 15
44d
Convert -44113 (base 6) to base 2.
-1011111001101
Convert 671 (base 11) to base 5.
11204
Convert -2239 (base 12) to base 8.
-7315
Convert -609 (base 14) to base 5.
-14220
-47e7 (base 16) to base 6
-221115
Convert -334 (base 11) to base 15.
-1ba
Convert -100010000 (base 2) to base 7.
-536
Convert -14111 (base 5) to base 9.
-1524
Convert 312010 (base 4) to base 10.
3460
Convert e3 (base 16) to base 5.
1402
What is 696b (base 12) in base 6?
130215
Convert 31262 (base 7) to base 6.
55332
1010110001 (base 3) to base 2
101011010110011
-1001010110101111 (base 2) to base 3
-1221120020
What is 1352 (base 8) in base 4?
23222
-55c4 (base 14) to base 8
-35030
What is 347 (base 10) in base 2?
101011011
What is 642 (base 14) in base 8?
2322
What is 84a (base 13) in base 14?
730
Convert -a629 (base 12) to base 15.
-55bc
330 (base 9) to base 5
2040
Convert c07 (base 16) to base 4.
300013
-131101 (base 4) to base 11
-1453
-277b (base 12) to base 2
-1000111001111
Convert 23130 (base 7) to base 9.
8076
What is -a88 (base 16) in base 5?
-41241
1213023 (base 4) to base 8
14713
What is 327 (base 9) in base 10?
268
30000201 (base 4) to base 6
1015413
What is -1802 (base 16) in base 12?
-3682
Convert 1a8 (base 11) to base 16.
ef
What is -234132 (base 6) in base 10?
-20360
-101010101101001 (base 2) to base 9
-32884
What is 2111211 (base 3) in base 7?
5224
Convert -11102 (base 4) to base 5.
-2323
What is 2323 (base 7) in base 2?
1101010010
-35456 (base 7) to base 15
-2aa5
What is 50777 (base 10) in base 16?
c659
What is -22032 (base 4) in base 16?
-28e
-4422 (base 5) to base 4
-21210
What is -4029 (base 16) in base 7?
-65613
-23111 (base 4) to base 15
-335
476a (base 13) to base 8
23513
10120101 (base 3) to base 4
220222
10101111 (base 2) to base 7
340
8484 (base 13) to base 4
10132320
-220002001 (base 3) to base 8
-42217
-3032 (base 4) to base 6
-542
What is 8608 (base 9) in base 14?
243c
Convert 668 (base 9) to base 13.
332
What is 1111001010 (base 2) in base 12?
68a
What is -205 (base 10) in base 6?
-541
Convert -450b (base 12) to base 9.
-11432
What is -1110010001 (base 2) in base 9?
-1224
Convert 74c (base 13) to base 4.
103133
101220012 (base 3) to base 6
100435
-40b (base 13) to base 9
-843
-30133012 (base 4) to base 13
-1a380
What is 112011 (base 3) in base 2?
101111110
Convert 646 (base 11) to base 2.
1100001000
What is -6152 (base 8) in base 7?
-12160
-1467 (base 10) to base 5
-21332
Convert 4374 (base 10) to base 13.
1cb6
Convert 436 (base 16) to base 4.
100312
-1100111100000 (base 2) to base 7
-25212
What is 49d (base 14) in base 11?
76a
Convert 543 (base 11) to base 2.
1010001100
What is 8886 (base 11) in base 15?
370a
Convert -31396 (base 10) to base 15.
-9481
82129 (base 10) to base 16
140d1
What is 202002212 (base 3) in base 5?
432112
What is bd3 (base 16) in base 9?
4133
What is -c5 (base 13) in base 14?
-b7
What is 2751 (base 9) in base 5?
31241
What is -2118 (base 15) in base 7?
-26255
Convert 19503 (base 14) to base 2.
1111101001011111
Convert 1100210221 (base 3) to base 11.
19187
125 (base 6) to base 15
38
11466 (base 10) to base 11
8684
51 (base 9) to base 13
37
-6762 (base 10) to base 13
-3102
34307 (base 9) to base 11
16192
-1240013 (base 5) to base 11
-17357
Convert -1c6 (base 16) to base 12.
-31a
What is -1110 (base 16) in base 11?
-3311
-203 (base 11) to base 14
-137
What is 5734 (base 10) in base 5?
140414
What is -4051 (base 6) in base 15?
-3ea
What is -16825 (base 9) in base 10?
-11606
What is 100302 (base 4) in base 6?
4550
What is 2bb (base 13) in base 8?
754
Convert 1cb9 (base 13) to base 8.
10431
Convert -21205 (base 11) to base 15.
-9225
What is -100333 (base 4) in base 10?
-1087
What is 1826 (base 14) in base 2?
1000011111010
Convert -11581 (base 14) to base 2.
-1010010100001101
What is -3605 (base 9) in base 11?
-2015
Convert 111000011 (base 2) to base 12.
317
Convert -14024 (base 5) to base 15.
-50e
Convert a788 (base 11) to base 15.
4353
1141 (base 8) to base 9
746
Convert 679 (base 16) to base 14.
865
Convert 38322 (base 10) to base 5.
2211242
What is -696 (base 15) in base 2?
-10111010011
Convert 54a (base 11) to base 2.
1010010011
Convert -1063 (base 7) to base 11.
-323
What is -2110113 (base 4) in base 3?
-111000200
Convert -10da (base 16) to base 15.
-1429
-102101 (base 3) to base 7
-616
808 (base 14) to base 4
120220
-223100 (base 5) to base 12
-46a4
Convert -222 (base 5) to base 8.
-76
What is 2d29 (base 15) in base 8?
22762
-df (base 16) to base 15
-ed
Convert -10570 (base 10) to base 14.
-3bd0
What is -1635 (base 7) in base 2?
-1010010111
Convert 311 (base 14) to base 7.
1521
45640 (base 7) to base 2
10110101111001
Convert 102221 (base 3) to base 2.
101000010
What is ec9 (base 16) in base 13?
1952
11023 (base 4) to base 3
110021
What is -135 (base 7) in base 10?
-75
What is -314 (base 13) in base 11?
-437
What is -59307 (base 10) in base 7?
-334623
3edb (base 16) to base 13
742a
Convert 1011010111111 (ba